{"id":95,"date":"2025-07-10T12:28:09","date_gmt":"2025-07-10T12:28:09","guid":{"rendered":"https:\/\/goldautoauvergne.fr\/?page_id=95"},"modified":"2025-07-20T10:25:11","modified_gmt":"2025-07-20T10:25:11","slug":"mentions-legales","status":"publish","type":"page","link":"https:\/\/goldautoauvergne.fr\/index.php\/mentions-legales\/","title":{"rendered":"Mentions L\u00e9gales"},"content":{"rendered":"\t\t<div data-elementor-type=\"wp-page\" data-elementor-id=\"95\" class=\"elementor elementor-95\" data-elementor-post-type=\"page\">\n\t\t\t\t<div class=\"elementor-element elementor-element-f5e7c78 e-flex e-con-boxed elementor-invisible e-con e-parent\" data-id=\"f5e7c78\" data-element_type=\"container\" data-e-type=\"container\" data-settings=\"{&quot;background_background&quot;:&quot;classic&quot;,&quot;animation&quot;:&quot;fadeInRight&quot;}\">\n\t\t\t\t\t<div class=\"e-con-inner\">\n\t\t<div class=\"elementor-element elementor-element-a042c4e e-con-full e-flex e-con e-child\" data-id=\"a042c4e\" data-element_type=\"container\" data-e-type=\"container\">\n\t\t<div class=\"elementor-element elementor-element-9d215c7 e-con-full e-flex elementor-invisible e-con e-child\" data-id=\"9d215c7\" data-element_type=\"container\" data-e-type=\"container\" data-settings=\"{&quot;background_background&quot;:&quot;classic&quot;,&quot;animation&quot;:&quot;fadeInLeft&quot;}\">\n\t\t\t\t<div class=\"elementor-element elementor-element-34d8eb2 elementor-invisible elementor-widget elementor-widget-text-editor\" data-id=\"34d8eb2\" data-element_type=\"widget\" data-e-type=\"widget\" data-settings=\"{&quot;_animation&quot;:&quot;fadeInRight&quot;}\" data-widget_type=\"text-editor.default\">\n\t\t\t\t\t\t\t\t\t<p><span style=\"color: #000000;\">Mentions<\/span> L\u00e9gales<\/p>\t\t\t\t\t\t\t\t<\/div>\n\t\t\t\t<\/div>\n\t\t\t\t<\/div>\n\t\t\t\t\t<\/div>\n\t\t\t\t<\/div>\n\t\t<div class=\"elementor-element elementor-element-7e494cf e-flex e-con-boxed e-con e-parent\" data-id=\"7e494cf\" data-element_type=\"container\" data-e-type=\"container\">\n\t\t\t\t\t<div class=\"e-con-inner\">\n\t\t<div class=\"elementor-element elementor-element-0ea84bf e-con-full e-flex e-con e-child\" data-id=\"0ea84bf\" data-element_type=\"container\" data-e-type=\"container\">\n\t\t\t\t<div class=\"elementor-element elementor-element-514dfe4 elementor-invisible elementor-widget elementor-widget-text-editor\" data-id=\"514dfe4\" data-element_type=\"widget\" data-e-type=\"widget\" data-settings=\"{&quot;_animation&quot;:&quot;fadeInUp&quot;}\" data-widget_type=\"text-editor.default\">\n\t\t\t\t\t\t\t\t\t<p data-start=\"274\" data-end=\"549\"><span style=\"color: #000000;\">Conform\u00e9ment aux dispositions des articles 6-III et 19 de la Loi n\u00b02004-575 du 21 juin 2004 pour la Confiance dans l\u2019\u00e9conomie num\u00e9rique (LCEN), il est pr\u00e9cis\u00e9 aux utilisateurs du site l\u2019identit\u00e9 des diff\u00e9rents intervenants dans le cadre de sa r\u00e9alisation et de son suivi.<\/span><\/p>\n<hr data-start=\"551\" data-end=\"554\">\n<h3 data-start=\"556\" data-end=\"582\"><span style=\"color: #000000;\"><strong data-start=\"560\" data-end=\"582\">1. \u00c9diteur du site<\/strong><\/span><\/h3>\n<p data-start=\"584\" data-end=\"998\"><span style=\"color: #000000;\"><strong data-start=\"584\" data-end=\"601\">Nom du site :<\/strong>&nbsp;https:\/\/goldautoauvergne.fr<\/span><br data-start=\"608\" data-end=\"611\"><span style=\"color: #000000;\"><strong data-start=\"611\" data-end=\"646\">Responsable de la publication :<\/strong>&nbsp;GOLD AUTO AUVERGNE SARL<\/span><br data-start=\"681\" data-end=\"684\"><span style=\"color: #000000;\"><strong data-start=\"684\" data-end=\"697\">Adresse :<\/strong>&nbsp;Rue Condorcet ZAC Baradel, 15000 Aurillac<\/span><br data-start=\"751\" data-end=\"754\"><span style=\"color: #000000;\"><strong data-start=\"754\" data-end=\"765\">Email :<\/strong> gold-auto2@wanadoo.fr<\/span><br data-start=\"788\" data-end=\"791\"><span style=\"color: #000000;\"><strong data-start=\"791\" data-end=\"816\">Num\u00e9ro de t\u00e9l\u00e9phone :<\/strong> 04 71 63 47 46<\/span><br data-start=\"846\" data-end=\"849\"><span style=\"color: #000000;\"><strong data-start=\"849\" data-end=\"861\">Statut :<\/strong> Soci\u00e9t\u00e9 \u00e0 responsabilit\u00e9 limit\u00e9e&nbsp;<\/span><br data-start=\"913\" data-end=\"916\"><span style=\"color: #000000;\"><strong data-start=\"916\" data-end=\"935\">SIRET \/ SIREN :<\/strong>&nbsp;<\/span><font color=\"#000000\">52018092800019<\/font><br data-start=\"951\" data-end=\"954\"><span style=\"color: #000000;\"><strong data-start=\"954\" data-end=\"982\">TVA intracommunautaire :<\/strong>&nbsp;<\/span><font color=\"#000000\">FR06520180928<\/font><\/p>\n<hr data-start=\"1000\" data-end=\"1003\">\n<h3 data-start=\"1005\" data-end=\"1025\"><span style=\"color: #000000;\"><strong data-start=\"1009\" data-end=\"1025\">2. H\u00e9bergeur<\/strong><\/span><\/h3>\n<p data-start=\"1027\" data-end=\"1266\"><span style=\"color: #000000;\"><strong data-start=\"1027\" data-end=\"1051\">Nom de l\u2019h\u00e9bergeur :<\/strong>&nbsp;Hostinger International Ltd<\/span><br data-start=\"1065\" data-end=\"1068\"><span style=\"color: #000000;\"><strong data-start=\"1068\" data-end=\"1082\">Site web :<\/strong>&nbsp;<\/span><span style=\"color: #000000;\">https:\/\/www.hostinger.com\/<\/span><br data-start=\"1137\" data-end=\"1140\"><span style=\"color: #000000;\"><strong data-start=\"1140\" data-end=\"1153\">Adresse :<\/strong> 61 Lordou Vironos Street, 6023 Larnaca, Chypre<\/span><\/p>\n<hr data-start=\"1268\" data-end=\"1271\">\n<h3 data-start=\"1273\" data-end=\"1308\"><span style=\"color: #000000;\"><strong data-start=\"1277\" data-end=\"1308\">3. Propri\u00e9t\u00e9 intellectuelle<\/strong><\/span><\/h3>\n<p data-start=\"1310\" data-end=\"1614\"><span style=\"color: #000000;\">Le site et l\u2019ensemble de ses \u00e9l\u00e9ments (textes, images, graphismes, logo, ic\u00f4nes, vid\u00e9os, sons, etc.) sont prot\u00e9g\u00e9s par le droit de la propri\u00e9t\u00e9 intellectuelle. Toute reproduction, repr\u00e9sentation, modification ou adaptation partielle ou totale est strictement interdite sans autorisation \u00e9crite pr\u00e9alable.<\/span><\/p>\n<hr data-start=\"1616\" data-end=\"1619\">\n<h3 data-start=\"1621\" data-end=\"1646\"><span style=\"color: #000000;\"><strong data-start=\"1625\" data-end=\"1646\">4. Responsabilit\u00e9<\/strong><\/span><\/h3>\n<p data-start=\"1648\" data-end=\"1856\"><span style=\"color: #000000;\">L\u2019\u00e9diteur du site s\u2019efforce d\u2019assurer l\u2019exactitude des informations publi\u00e9es. Toutefois, il ne saurait \u00eatre tenu responsable d\u2019erreurs ou d\u2019omissions, ou de l\u2019usage qui pourrait \u00eatre fait de ces informations.<\/span><\/p>\n<p data-start=\"1858\" data-end=\"1988\"><span style=\"color: #000000;\">Le site peut contenir des liens vers des sites externes. L\u2019\u00e9diteur ne saurait \u00eatre tenu responsable du contenu de ces sites tiers.<\/span><\/p>\n<hr data-start=\"1990\" data-end=\"1993\">\n<h3 data-start=\"1995\" data-end=\"2026\"><span style=\"color: #000000;\"><strong data-start=\"1999\" data-end=\"2026\">5. Donn\u00e9es personnelles<\/strong><\/span><\/h3>\n<p data-start=\"2028\" data-end=\"2204\"><span style=\"color: #000000;\">Les informations collect\u00e9es via le site sont trait\u00e9es dans le respect de la l\u00e9gislation applicable. Pour plus d\u2019informations, consultez notre <a style=\"color: #000000;\" href=\"#\" rel=\"noopener\" data-start=\"2170\" data-end=\"2203\">Politique de confidentialit\u00e9<\/a>.<\/span><\/p>\n<hr data-start=\"2206\" data-end=\"2209\">\n<h3 data-start=\"2211\" data-end=\"2229\"><span style=\"color: #000000;\"><strong data-start=\"2215\" data-end=\"2229\">6. Cookies<\/strong><\/span><\/h3>\n<p data-start=\"2231\" data-end=\"2382\"><span style=\"color: #000000;\">Le site utilise des cookies pour am\u00e9liorer l&#8217;exp\u00e9rience utilisateur. Vous pouvez les refuser ou les d\u00e9sactiver dans les param\u00e8tres de votre navigateur.<\/span><\/p>\t\t\t\t\t\t\t\t<\/div>\n\t\t\t\t<\/div>\n\t\t\t\t\t<\/div>\n\t\t\t\t<\/div>\n\t\t\t\t<\/div>\n\t\t","protected":false},"excerpt":{"rendered":"<p>Mentions L\u00e9gales Conform\u00e9ment aux dispositions des articles 6-III et 19 de la Loi n\u00b02004-575 du 21 juin 2004 pour la Confiance dans l\u2019\u00e9conomie num\u00e9rique (LCEN), il est pr\u00e9cis\u00e9 aux utilisateurs du site l\u2019identit\u00e9 des diff\u00e9rents intervenants dans le cadre de sa r\u00e9alisation et de son suivi. 1. \u00c9diteur du site Nom du site :&nbsp;https:\/\/goldautoauvergne.frResponsable de [&hellip;]<\/p>\n","protected":false},"author":1,"featured_media":0,"parent":0,"menu_order":0,"comment_status":"closed","ping_status":"closed","template":"elementor_header_footer","meta":{"footnotes":""},"class_list":["post-95","page","type-page","status-publish","hentry"],"_links":{"self":[{"href":"https:\/\/goldautoauvergne.fr\/index.php\/wp-json\/wp\/v2\/pages\/95","targetHints":{"allow":["GET"]}}],"collection":[{"href":"https:\/\/goldautoauvergne.fr\/index.php\/wp-json\/wp\/v2\/pages"}],"about":[{"href":"https:\/\/goldautoauvergne.fr\/index.php\/wp-json\/wp\/v2\/types\/page"}],"author":[{"embeddable":true,"href":"https:\/\/goldautoauvergne.fr\/index.php\/wp-json\/wp\/v2\/users\/1"}],"replies":[{"embeddable":true,"href":"https:\/\/goldautoauvergne.fr\/index.php\/wp-json\/wp\/v2\/comments?post=95"}],"version-history":[{"count":19,"href":"https:\/\/goldautoauvergne.fr\/index.php\/wp-json\/wp\/v2\/pages\/95\/revisions"}],"predecessor-version":[{"id":280,"href":"https:\/\/goldautoauvergne.fr\/index.php\/wp-json\/wp\/v2\/pages\/95\/revisions\/280"}],"wp:attachment":[{"href":"https:\/\/goldautoauvergne.fr\/index.php\/wp-json\/wp\/v2\/media?parent=95"}],"curies":[{"name":"wp","href":"https:\/\/api.w.org\/{rel}","templated":true}]}}